{"id":82,"date":"2018-10-11T19:23:34","date_gmt":"2018-10-11T19:23:34","guid":{"rendered":"http:\/\/dr-svenja-roch.de\/?page_id=82"},"modified":"2021-12-31T18:25:35","modified_gmt":"2021-12-31T18:25:35","slug":"vortraege","status":"publish","type":"page","link":"http:\/\/dr-svenja-roch.de\/?page_id=82","title":{"rendered":"Vortr\u00e4ge"},"content":{"rendered":"<div data-colibri-id=\"82-c1\" class=\"style-409 style-local-82-c1 position-relative\">\n  <!---->\n  <div data-colibri-component=\"section\" data-colibri-id=\"82-c2\" id=\"custom\" class=\"h-section h-section-global-spacing d-flex align-items-lg-center align-items-md-center align-items-center style-418 style-local-82-c2 position-relative\">\n    <!---->\n    <!---->\n    <div class=\"h-section-grid-container h-section-boxed-container\">\n      <!---->\n      <div data-colibri-id=\"82-c3\" class=\"h-row-container gutters-row-lg-2 gutters-row-md-2 gutters-row-0 gutters-row-v-lg-2 gutters-row-v-md-2 gutters-row-v-2 style-419 style-local-82-c3 position-relative\">\n        <!---->\n        <div class=\"h-row justify-content-lg-center justify-content-md-center justify-content-center align-items-lg-stretch align-items-md-stretch align-items-stretch gutters-col-lg-2 gutters-col-md-2 gutters-col-0 gutters-col-v-lg-2 gutters-col-v-md-2 gutters-col-v-2\">\n          <!---->\n          <div class=\"h-column h-column-container d-flex h-col-lg-auto h-col-md-auto h-col-auto style-420-outer style-local-82-c4-outer\">\n            <div data-colibri-id=\"82-c4\" class=\"d-flex h-flex-basis h-column__inner h-px-lg-2 h-px-md-2 h-px-2 v-inner-lg-2 v-inner-md-2 v-inner-2 style-420 style-local-82-c4 position-relative\">\n              <!---->\n              <!---->\n              <div class=\"w-100 h-y-container h-column__content h-column__v-align flex-basis-100 align-self-lg-start align-self-md-start align-self-start\">\n                <!---->\n                <div data-colibri-id=\"82-c5\" class=\"h-text h-text-component style-421 style-local-82-c5 position-relative h-element\">\n                  <!---->\n                  <!---->\n                  <div class=\"\">\n                    <h2>Auswahl fachlicher Vortr\u00e4ge<\/h2>\n                    <p><strong>Roch, S.<\/strong> (2018). Hauptsache gesund! Oder zumindest nicht krank?! \u2013 Wie Gesundheit und Krankheit zueinander stehen. <em>Vortrag, F\u00f6rde-vhs<\/em>, Kiel.<\/p>\n                    <p><strong>Roch, S.<\/strong> (2018). Hauptsache gesund! Oder zumindest nicht krank?! \u2013 Wie wir Gesundheit und Krankheit verstehen und was das f\u00fcr uns bedeutet. <em>Vortrag, Mitgliederversammlung der BDP-Landesgruppe Schleswig-Holstein<\/em>,\n                      Kiel.<\/p>\n                    <p><strong>Roch, S.<\/strong> &amp; Jacobsen, W. (2017). Participation &#8211; a core component of health promotion. <em>Vortrag, BaltCityPrevention Kick-Off Konferenz<\/em>, Hochschule Flensburg, Flensburg.<\/p>\n                    <p><strong>Roch, S.<\/strong>, K\u00f6pnick, A. &amp; Hampel, P. (2017a). Konzept und Evaluation der psychologischen Gruppe. <em>Vortrag, Fachaustausch VOR f\u00fcr \u201eNewcomer\u201c<\/em>, Bildungszentrum Erkner der Deutschen Rentenversicherung Bund, Erkner.<\/p>\n                    <p><strong>Roch, S.<\/strong>, K\u00f6pnick, A. &amp; Hampel, P. (2017b). Schmerzkompetenz und Depressionspr\u00e4vention. Evaluation eines kombinierten Trainings in der verhaltensmedizinisch orthop\u00e4dischen Rehabilitation. <em>Vortrag, 11. Reha-Symposium des Netzwerks Rehabilitationsforschung in Bayern e.V. (NRFB)<\/em>,\n                      Bad Reichenhall.<\/p>\n                    <p><strong>Roch, S.<\/strong>, Korsch, S., K\u00fcch, D., Meyer, J., Rabe, K., Besch, D. &amp; Hampel, P. (2016). Ausma\u00df des Einflusses der Bezugsgruppe auf die Depressivit\u00e4t und \u00c4ngstlichkeit nach der Rehabilitation \u2013 Eine Mixed-Method-Analyse.\n                      <em>Vortrag, 50. Kongress der Deutschen Gesellschaft f\u00fcr Psychologie<\/em>, Leipzig.<\/p>\n                    <p><strong>Roch, S.<\/strong>, K\u00fcch, D., Meyer, J., Rabe, K., Besch, D., Worringen, U. &amp; Hampel, P. (2015). Erfassung von Depressivit\u00e4t und \u00c4ngstlichkeit in der verhaltensmedizinisch orthop\u00e4dischen Rehabilitation \u2013 eine Fragebogenvalidierung\n                      mithilfe des SKID. <em>Vortrag, 24. Rehabilitationswissenschaftliches Kolloquium<\/em>, Augsburg.<\/p>\n                  <\/div>\n                <\/div>\n              <\/div>\n            <\/div>\n          <\/div>\n        <\/div>\n      <\/div>\n    <\/div>\n  <\/div>\n<\/div>","protected":false},"excerpt":{"rendered":"<p>Auswahl fachlicher Vortr\u00e4ge Roch, S. (2018). Hauptsache gesund! Oder zumindest nicht krank?! \u2013 Wie Gesundheit und Krankheit zueinander stehen. Vortrag, F\u00f6rde-vhs, Kiel. Roch, S. (2018). Hauptsache gesund! Oder zumindest nicht krank?! \u2013 Wie wir Gesundheit und Krankheit verstehen und was das f\u00fcr uns bedeutet. Vortrag, Mitgliederversammlung der BDP-Landesgruppe Schleswig-Holstein, Kiel. Roch, S. &amp; Jacobsen, W. [&hellip;]<\/p>\n","protected":false},"author":1,"featured_media":0,"parent":137,"menu_order":0,"comment_status":"closed","ping_status":"closed","template":"page-templates\/full-width-page.php","meta":{"footnotes":""},"class_list":["post-82","page","type-page","status-publish","hentry"],"_links":{"self":[{"href":"http:\/\/dr-svenja-roch.de\/index.php?rest_route=\/wp\/v2\/pages\/82","targetHints":{"allow":["GET"]}}],"collection":[{"href":"http:\/\/dr-svenja-roch.de\/index.php?rest_route=\/wp\/v2\/pages"}],"about":[{"href":"http:\/\/dr-svenja-roch.de\/index.php?rest_route=\/wp\/v2\/types\/page"}],"author":[{"embeddable":true,"href":"http:\/\/dr-svenja-roch.de\/index.php?rest_route=\/wp\/v2\/users\/1"}],"replies":[{"embeddable":true,"href":"http:\/\/dr-svenja-roch.de\/index.php?rest_route=%2Fwp%2Fv2%2Fcomments&post=82"}],"version-history":[{"count":5,"href":"http:\/\/dr-svenja-roch.de\/index.php?rest_route=\/wp\/v2\/pages\/82\/revisions"}],"predecessor-version":[{"id":513,"href":"http:\/\/dr-svenja-roch.de\/index.php?rest_route=\/wp\/v2\/pages\/82\/revisions\/513"}],"up":[{"embeddable":true,"href":"http:\/\/dr-svenja-roch.de\/index.php?rest_route=\/wp\/v2\/pages\/137"}],"wp:attachment":[{"href":"http:\/\/dr-svenja-roch.de\/index.php?rest_route=%2Fwp%2Fv2%2Fmedia&parent=82"}],"curies":[{"name":"wp","href":"https:\/\/api.w.org\/{rel}","templated":true}]}}

Vorträge

<div data-colibri-id="82-c1" class="style-409 style-local-82-c1 position-relative">
  <!---->
  <div data-colibri-component="section" data-colibri-id="82-c2" id="custom" class="h-section h-section-global-spacing d-flex align-items-lg-center align-items-md-center align-items-center style-418 style-local-82-c2 position-relative">
    <!---->
    <!---->
    <div class="h-section-grid-container h-section-boxed-container">
      <!---->
      <div data-colibri-id="82-c3" class="h-row-container gutters-row-lg-2 gutters-row-md-2 gutters-row-0 gutters-row-v-lg-2 gutters-row-v-md-2 gutters-row-v-2 style-419 style-local-82-c3 position-relative">
        <!---->
        <div class="h-row justify-content-lg-center justify-content-md-center justify-content-center align-items-lg-stretch align-items-md-stretch align-items-stretch gutters-col-lg-2 gutters-col-md-2 gutters-col-0 gutters-col-v-lg-2 gutters-col-v-md-2 gutters-col-v-2">
          <!---->
          <div class="h-column h-column-container d-flex h-col-lg-auto h-col-md-auto h-col-auto style-420-outer style-local-82-c4-outer">
            <div data-colibri-id="82-c4" class="d-flex h-flex-basis h-column__inner h-px-lg-2 h-px-md-2 h-px-2 v-inner-lg-2 v-inner-md-2 v-inner-2 style-420 style-local-82-c4 position-relative">
              <!---->
              <!---->
              <div class="w-100 h-y-container h-column__content h-column__v-align flex-basis-100 align-self-lg-start align-self-md-start align-self-start">
                <!---->
                <div data-colibri-id="82-c5" class="h-text h-text-component style-421 style-local-82-c5 position-relative h-element">
                  <!---->
                  <!---->
                  <div class="">
                    <h2>Auswahl fachlicher Vorträge</h2>
                    <p><strong>Roch, S.</strong> (2018). Hauptsache gesund! Oder zumindest nicht krank?! – Wie Gesundheit und Krankheit zueinander stehen. <em>Vortrag, Förde-vhs</em>, Kiel.</p>
                    <p><strong>Roch, S.</strong> (2018). Hauptsache gesund! Oder zumindest nicht krank?! – Wie wir Gesundheit und Krankheit verstehen und was das für uns bedeutet. <em>Vortrag, Mitgliederversammlung der BDP-Landesgruppe Schleswig-Holstein</em>,
                      Kiel.</p>
                    <p><strong>Roch, S.</strong> &amp; Jacobsen, W. (2017). Participation &#8211; a core component of health promotion. <em>Vortrag, BaltCityPrevention Kick-Off Konferenz</em>, Hochschule Flensburg, Flensburg.</p>
                    <p><strong>Roch, S.</strong>, Köpnick, A. &amp; Hampel, P. (2017a). Konzept und Evaluation der psychologischen Gruppe. <em>Vortrag, Fachaustausch VOR für „Newcomer“</em>, Bildungszentrum Erkner der Deutschen Rentenversicherung Bund, Erkner.</p>
                    <p><strong>Roch, S.</strong>, Köpnick, A. &amp; Hampel, P. (2017b). Schmerzkompetenz und Depressionsprävention. Evaluation eines kombinierten Trainings in der verhaltensmedizinisch orthopädischen Rehabilitation. <em>Vortrag, 11. Reha-Symposium des Netzwerks Rehabilitationsforschung in Bayern e.V. (NRFB)</em>,
                      Bad Reichenhall.</p>
                    <p><strong>Roch, S.</strong>, Korsch, S., Küch, D., Meyer, J., Rabe, K., Besch, D. &amp; Hampel, P. (2016). Ausmaß des Einflusses der Bezugsgruppe auf die Depressivität und Ängstlichkeit nach der Rehabilitation – Eine Mixed-Method-Analyse.
                      <em>Vortrag, 50. Kongress der Deutschen Gesellschaft für Psychologie</em>, Leipzig.</p>
                    <p><strong>Roch, S.</strong>, Küch, D., Meyer, J., Rabe, K., Besch, D., Worringen, U. &amp; Hampel, P. (2015). Erfassung von Depressivität und Ängstlichkeit in der verhaltensmedizinisch orthopädischen Rehabilitation – eine Fragebogenvalidierung
                      mithilfe des SKID. <em>Vortrag, 24. Rehabilitationswissenschaftliches Kolloquium</em>, Augsburg.</p>
                  </div>
                </div>
              </div>
            </div>
          </div>
        </div>
      </div>
    </div>
  </div>
</div>

<p>Auswahl fachlicher Vorträge Roch, S. (2018). Hauptsache gesund! Oder zumindest nicht krank?! – Wie Gesundheit und Krankheit zueinander stehen. Vortrag, Förde-vhs, Kiel. Roch, S. (2018). Hauptsache gesund! Oder zumindest nicht krank?! – Wie wir Gesundheit und Krankheit verstehen und was das für uns bedeutet. Vortrag, Mitgliederversammlung der BDP-Landesgruppe Schleswig-Holstein, Kiel. Roch, S. &amp; Jacobsen, W. [&hellip;]</p>
