{"id":221,"date":"2021-07-10T13:09:21","date_gmt":"2021-07-10T13:09:21","guid":{"rendered":"http:\/\/dr-svenja-roch.de\/?page_id=221"},"modified":"2024-12-15T12:20:00","modified_gmt":"2024-12-15T12:20:00","slug":"als-psychologin-in-der-it","status":"publish","type":"page","link":"http:\/\/dr-svenja-roch.de\/?page_id=221","title":{"rendered":"Als Psychologin in der IT"},"content":{"rendered":"<div data-colibri-id=\"221-c1\" class=\"style-238 style-local-221-c1 position-relative\">\r\n  <!---->\r\n  <div data-colibri-component=\"section\" data-colibri-id=\"221-c23\" id=\"custom\" class=\"h-section h-section-global-spacing d-flex align-items-lg-center align-items-md-center align-items-center style-551 style-local-221-c23 position-relative\">\r\n    <!---->\r\n    <!---->\r\n    <div class=\"h-section-grid-container h-section-boxed-container\">\r\n      <!---->\r\n      <div data-colibri-id=\"221-c24\" class=\"h-row-container gutters-row-lg-2 gutters-row-md-2 gutters-row-0 gutters-row-v-lg-2 gutters-row-v-md-2 gutters-row-v-2 style-552 style-local-221-c24 position-relative\">\r\n        <!---->\r\n        <div class=\"h-row justify-content-lg-center justify-content-md-center justify-content-center align-items-lg-stretch align-items-md-stretch align-items-stretch gutters-col-lg-2 gutters-col-md-2 gutters-col-0 gutters-col-v-lg-2 gutters-col-v-md-2 gutters-col-v-2\">\r\n          <!---->\r\n          <div class=\"h-column h-column-container d-flex h-col-lg-auto h-col-md-auto h-col-auto style-553-outer style-local-221-c25-outer\">\r\n            <div data-colibri-id=\"221-c25\" class=\"d-flex h-flex-basis h-column__inner h-px-lg-2 h-px-md-2 h-px-2 v-inner-lg-2 v-inner-md-2 v-inner-2 style-553 style-local-221-c25 position-relative\">\r\n              <!---->\r\n              <!---->\r\n              <div class=\"w-100 h-y-container h-column__content h-column__v-align flex-basis-100 align-self-lg-start align-self-md-start align-self-start\">\r\n                <!---->\r\n                <div data-colibri-id=\"221-c26\" class=\"h-text h-text-component style-554 style-local-221-c26 position-relative h-element\">\r\n                  <!---->\r\n                  <!---->\r\n                  <div class=\"\">\r\n                    <p><span style=\"font-size: 16px; font-family: &quot;Open Sans&quot;; color: rgb(153, 153, 153);\">Die meisten Menschen denken bei Psychologen an die Behandlung von psychischen Krankheiten. Doch auch wenn die klinische Psychologie und Psychotherapie, die sich genau mit diesem Teil der menschlichen Psyche auseinandersetzt, das berufliche Ziel f\u00fcr die meisten Psychologie-Studenten ist, bietet die Psychologie noch viel mehr.<\/span><\/p>\r\n                    <h3>Das breite Feld der Psychologie<\/h3>\r\n                    <p><span style=\"font-size: 16px; font-family: &quot;Open Sans&quot;; color: rgb(153, 153, 153);\">Die Psychologie ist eine empirische Wissenschaft, die sich mit dem Erleben und Verhalten des Menschen betrifft. Und das bezieht alle Lebenssituationen sowie die individuelle sowie gruppendynamische Betrachtung mit ein. Psychologen k\u00f6nnen somit \u00fcberall dort, wo Menschen leben und arbeiten, zum gegenseitigen Verstehen, zur positiven Gestaltung von Kommunikation, zur F\u00f6rderung von Gesundheit und vielen anderen Themen beitragen. Eine \u00dcbersicht \u00fcber die vielen Facetten der Psychologie als Profession ist auf der Seite des&nbsp;<\/span>\r\n                      <a\r\n                        href=\"https:\/\/www.bdp-verband.de\/profession\/was-ist-psychologie.html\" style=\"font-size: 16px; font-family: &quot;Open Sans&quot;; color: rgb(3, 169, 244);\">Berufsverbandes Deutscher Psychologinnen und Psychologen e.V.<\/a><span style=\"font-size: 16px; font-family: &quot;Open Sans&quot;; color: rgb(153, 153, 153);\">&nbsp;zu finden.<\/span><\/p>\r\n                    <h3>Meine pers\u00f6nliche Sicht auf die Psychologie<\/h3>\r\n                    <p><span style=\"font-size: 16px; font-family: &quot;Open Sans&quot;; color: rgb(153, 153, 153);\">Mich pers\u00f6nlich hat mein beruflicher Weg \u00fcber ein paar Umwege in das IT-Umfeld gef\u00fchrt. Auch hier haben mich am Anfang die Klischees begr\u00fc\u00dft, die die meisten Menschen in sich tragen. Inzwischen freue ich mich aber dar\u00fcber, wenn jemand auf meinen beruflichen Hintergrund mit \u201eOh, jetzt muss ich aufpassen, was ich sage\u201c reagiert. Denn ich kann es mit Humor sehen und habe schon sehr viel positive Reaktion bekommen. Und viele k\u00f6nnen nach einem kurzen Gespr\u00e4ch oder eigenen \u00dcberlegungen die Vorteile sehen, die mein fachlicher Hintergrund mit sich bringt. Und dazu kommt: ich bin gerne Psychologin! Mich fasziniert es, wie selbst die einfachsten Theorien schon Erkl\u00e4rungen in komplexen Umgebungen geben k\u00f6nnen. Aber nat\u00fcrlich ist es nicht immer so einfach. Mein Fachwissen nutze ich deshalb, um&nbsp;aus differenzierten, theoretischen Modellen praxisnahe Schlussfolgerungen zu ziehen und die Arbeit positiv zu gestalten.<\/span><\/p>\r\n                  <\/div>\r\n                <\/div>\r\n              <\/div>\r\n            <\/div>\r\n          <\/div>\r\n        <\/div>\r\n      <\/div>\r\n    <\/div>\r\n  <\/div>\r\n<\/div>","protected":false},"excerpt":{"rendered":"<p>Die meisten Menschen denken bei Psychologen an die Behandlung von psychischen Krankheiten. Doch auch wenn die klinische Psychologie und Psychotherapie, die sich genau mit diesem Teil der menschlichen Psyche auseinandersetzt, das berufliche Ziel f\u00fcr die meisten Psychologie-Studenten ist, bietet die Psychologie noch viel mehr. Das breite Feld der Psychologie Die Psychologie ist eine empirische Wissenschaft, [&hellip;]<\/p>\n","protected":false},"author":1,"featured_media":0,"parent":0,"menu_order":0,"comment_status":"closed","ping_status":"closed","template":"page-templates\/full-width-page.php","meta":{"footnotes":""},"class_list":["post-221","page","type-page","status-publish","hentry"],"_links":{"self":[{"href":"http:\/\/dr-svenja-roch.de\/index.php?rest_route=\/wp\/v2\/pages\/221","targetHints":{"allow":["GET"]}}],"collection":[{"href":"http:\/\/dr-svenja-roch.de\/index.php?rest_route=\/wp\/v2\/pages"}],"about":[{"href":"http:\/\/dr-svenja-roch.de\/index.php?rest_route=\/wp\/v2\/types\/page"}],"author":[{"embeddable":true,"href":"http:\/\/dr-svenja-roch.de\/index.php?rest_route=\/wp\/v2\/users\/1"}],"replies":[{"embeddable":true,"href":"http:\/\/dr-svenja-roch.de\/index.php?rest_route=%2Fwp%2Fv2%2Fcomments&post=221"}],"version-history":[{"count":7,"href":"http:\/\/dr-svenja-roch.de\/index.php?rest_route=\/wp\/v2\/pages\/221\/revisions"}],"predecessor-version":[{"id":548,"href":"http:\/\/dr-svenja-roch.de\/index.php?rest_route=\/wp\/v2\/pages\/221\/revisions\/548"}],"wp:attachment":[{"href":"http:\/\/dr-svenja-roch.de\/index.php?rest_route=%2Fwp%2Fv2%2Fmedia&parent=221"}],"curies":[{"name":"wp","href":"https:\/\/api.w.org\/{rel}","templated":true}]}}